et x(i) = 3*c(i) - 4*r(i). Give x(h).
4
Let c(l) = 3*l + 1. Suppose 0*w + w - 5 = 0. Let g(i) = -2*i - 1. Let z(n) = w*c(n) + 6*g(n). Suppose -10 = -2*m, -4*m = -5*t + 4*t - 19. Calculate z(t).
2
Let q(h) = 2*h + 4. Suppose x = 5*x - 44. Let a = x + -6. Suppose -2*f - 10 = m, -a*m - 6 + 1 = f. Give q(f).
-6
Let r(x) = -x**2 + 10*x - 9. Let s(b) = -1. Let t(c) = r(c) + 2*s(c). What is t(8)?
5
Let p(q) be the third derivative of 7*q**2 + 0*q**3 + 0 - 1/4*q**4 + 0*q. Give p(-1).
6
Let r(s) = -5*s**2 + 5*s + 3. Let d(t) = 2*t**2 - 2*t - 1. Let x(w) = -7*d(w) - 3*r(w). What is x(2)?
0
Let c(n) = n**3 + 3*n**2 - 5*n - 1. Let q be c(-4). Suppose 4*t + 8 = -r, -t + 0 = q*r - 9. Let p(j) = -j**2 - j + 4. Calculate p(t).
-2
Let y(u) = -3*u**2 + 3*u - 8. Let i(l) = -l**2. Let a(m) = 4*i(m) - y(m). Give a(-6).
-10
Let l(b) = b**2 + 6*b - 2. Let m be l(-6). Let t(c) = 3*c. Calculate t(m).
-6
Suppose 4*v = v - 3*p + 24, 2*v = 5*p - 19. Suppose -8 = -3*x - x. Let m(d) = -6*d - 2 + v*d**2 + 0*d**2 - x*d**2. Give m(5).
-7
Let p(w) be the third derivative of w**6/60 - w**5/15 + w**4/6 - w**3/2 - 2*w**2. Let o(q) = -q**3 + q**2 - q + 1. Let g(a) = 3*o(a) + p(a). Determine g(-1).
-1
Let g be (0 - -1)/((-2)/2). Let q(t) = 53 + 55 + 13*t**2 - 107 + 2*t. What is q(g)?
12
Suppose 3*m + 2*j - 15 = 0, 2*m - 27 = -2*m - 5*j. Let h(o) = o - m - o + o. Suppose 8*g = 19*g. Give h(g).
-3
Let v(b) = -b**3 + 3*b**2 + 2*b - 4. Let w(i) = 3*i**3 - 8*i**2 - 5*i + 11. Let k(j) = 7*v(j) + 2*w(j). What is k(5)?
14
Let y(h) = -h + 13. Let d(r) = 2*r - 13. Let o(a) = 4*d(a) + 5*y(a). Give o(-9).
-14
Let c = -15 + 8. Let z(x) = -x + 4. Determine z(c).
11
Let k(l) be the first derivative of -l**6/120 - l**5/20 + 5*l**4/24 - l**2/2 + 5. Let u(b) be the second derivative of k(b). Give u(-4).
-4
Let d(y) = 3*y**2 - 3*y + 2. Suppose 5*n + 6 = -5*c + 41, -3*n - 4 = -2*c. Suppose 3*g = k + 6, -5*g = c*k - k - 10. Calculate d(g).
8
Suppose -h = -4*h. Let z(x) = -5*x**3 + 16*x**2 - 5*x + 15. Let p = 1 - 3. Let u(l) = -l**3 + 3*l**2 - l + 3. Let m(n) = p*z(n) + 11*u(n). What is m(h)?
3
Suppose 343*w - 21 = 340*w. Let s(i) = -1 + 0*i + 3 - i. Give s(w).
-5
Suppose y - 6 = -0. Suppose -y = -2*b - b. Let w(x) = -x**3 + x**2 - 2*x + 1. What is w(b)?
-7
Let k(d) = 2*d - 16. Let j be k(8). Let c(r) = -r + 7. Determine c(j).
7
Let x(j) = -j. Suppose -3*s - 14 = 1. Let y be x(s). Let b(l) = 3*l + 4*l**2 - y*l**2 + 6 - 1. What is b(5)?
-5
Let d(f) = -f**3 - f + 8. Let g be d(0). Let y = g + -6. Let s(k) = -k**2 + k + 2. Give s(y).
0
Suppose -5*n = 3*l - 14 + 5, 2*n + 2*l - 6 = 0. Let b(u) = -1 - 4*u**2 + 5*u - 3*u + n. Let i = -295 + 296. Calculate b(i).
-3
Let j(x) = x + 15. Let z be (-12)/42 - 6/(-21). What is j(z)?
15
Let x(n) = n + 4. Let h be x(-3). Let o(q) = h + 1 + q**2 - 4*q**3 + 3*q**3 + 0. What is o(0)?
2
Let w = 1 + -31. Let h be 4/w*3*-5. Let m(f) = -2*f + 3*f**2 + 2*f**2 - 4*f**2. Calculate m(h).
0
Let j(y) = y**2 + y - 1. Suppose -c = -2*c. What is j(c)?
-1
Suppose -2*h + 9 = -h - 4*j, 4*h + 3*j - 17 = 0. Suppose -s = h*f + 4*s - 10, 5*f = -3*s + 8. Let i(d) = -2*d**3 + d**2. Calculate i(f).
-1
Let i(c) be the second derivative of 0*c**2 - 2/3*c**3 + 1/12*c**4 + c + 0. Calculate i(4).
0
Let p(j) be the second derivative of -j**3/6 - j**2/2 - 2*j - 17. Calculate p(0).
-1
Let t(c) = 5*c. Let v(k) = -9*k - 4. Let n(p) = -9*p - 5. Let o(q) = -5*n(q) + 6*v(q). Let f(a) = 6*o(a) + 11*t(a). What is f(0)?
6
Let w(h) = -3*h + 4. Let u be w(3). Suppose -j = 2*j - 3. Let a(z) = z. Let o(k) = -3*k + 1. Let g(d) = j*o(d) + 4*a(d). Determine g(u).
-4
Let o(z) be the first derivative of z**3/3 + z**2 + z - 1. Calculate o(-2).
1
Let b(y) = y**2 - 1. Let s be b(2). Suppose 3*f - 12 = -x + s, -f = -x - 5. Let w(a) = -10 + x*a + a**3 + 0*a. Determine w(0).
-10
Let m(u) be the second derivative of u**5/20 + 5*u**4/12 + u**3/6 + u. Let k be (0/3 - 10) + -2. Let w = k - -7. What is m(w)?
-5
Let b(u) = u**3 + 8*u**2 + 9*u + 9. Let g = 24 - 31. What is b(g)?
-5
Let u(z) be the first derivative of 2*z**2 + z + 9. Calculate u(-2).
-7
Let s(f) = f**2 + f - 4. Let g = 10 - 19. Let h = g + 6. What is s(h)?
2
Let m(d) = 4*d**3 - 4*d**2. Let s(w) = -11*w**3 + 11*w**2 + w + 1. Let j(b) = 8*m(b) + 3*s(b). Calculate j(-2).
9
Let u(p) = -p**2 + 3*p + 2. Let c(t) = -t**2 + 2*t + 1. Let h(n) = -3*c(n) + 2*u(n). Let b(f) = f**2 + 6*f + 2. Let r be b(-6). Give h(r).
5
Let j(h) = -3*h - 3*h + 1 + h**2 + 4*h + 0*h. Give j(4).
9
Suppose -5*l - 31 = -4*b + 2, -15 = 3*l. Let x(a) be the second derivative of a**5/20 - a**4/12 + a**3/6 - a. Determine x(b).
6
Let s(c) = -1. Let a(g) = -2*g + 11. Let v(q) = -a(q) - 4*s(q). Calculate v(7).
7
Let j(u) be the first derivative of -3*u**2/2 + 16. Let c(d) = -d + 4. Let m be c(2). Calculate j(m).
-6
Let x(i) = -i - 10. Let y be x(-8). Let t(o) be the second derivative of -1/6*o**3 - 3*o + o**2 + 0 - 1/10*o**5 - 1/4*o**4. Calculate t(y).
8
Let f(n) be the third derivative of -n**4/24 + 5*n**3/6 - n**2. Let p be f(8). Let s(o) = -2 + 2 + 3*o**2 - 2 + o**3. Calculate s(p).
-2
Let h(p) = -p**2 + 2*p**2 - 3*p - 3*p**2. Give h(-2).
-2
Let v(l) be the second derivative of 1/2*l**2 + 0 - l + 1/6*l**3 + 1/2*l**4 + 1/20*l**5. Calculate v(-6).
-5
Let y(a) = -a**2 + 1. Let h be y(-1). Let m be -1 - -2 - (4 - 5). Let z(g) = 6*g + h*g - 2*g - 3 - g**m. Determine z(2).
1
Let a(j) = 0*j**2 - j**2 + j**2 + 3*j**2 + 1 - j. Calculate a(1).
3
Let o(r) = 2*r + 1. Let b(a) = 6*a + 2. Let l(v) = -3*b(v) + 8*o(v). Determine l(6).
-10
Let b(w) = -2*w - w + w. Determine b(3).
-6
Let r(a) = 2*a - 12. Let g be r(5). Let v(k) be the second derivative of k**4/6 - k**3/6 - k**2/2 + 2*k. Give v(g).
9
Let x(i) be the second derivative of -i**5/40 - 7*i**4/24 + i**3/6 - i. Let u(h) be the second derivative of x(h). Let n = -13 - -8. Calculate u(n).
8
Suppose 4*j - 10 = 6*j. Let t(l) = -l**3 - 6*l**2 - 2*l + 7. Determine t(j).
-8
Let m(w) = 2*w**2 + 2*w - 1. Let v(k) = k**3 + 3*k**2 - 5*k - 8. Let z be v(-4). Determine m(z).
23
Let p(z) = -6*z**2 + 8*z - z + z**3 - 2*z + 5. Let k be p(5). Let w(m) = -m**2 - k + 5*m - 5*m + 5*m. Give w(4).
-1
Let a(c) = 4*c**3 - c**2 - 3*c + 3. Let o(q) = -5*q**3 + q**2 + 4*q - 3. Let p(n) = -6*a(n) - 5*o(n). Let f be 6/18 - (-7)/(-3). Calculate p(f).
-3
Let l(p) = 4*p + 3*p + 3 - 2*p - 3*p. Determine l(-2).
-1
Let v(u) = 2*u + 2. Let x be -1*14*(-3 + 5). Let r be 10/15 + x/(-3). Let g = 6 - r. Calculate v(g).
-6
Let b(h) = h**3 + 2*h**2 - 4*h + 1. Suppose 0 = -2*r + 4*s - 14, -4*r + 4*s - 10 = 5*s. Calculate b(r).
4
Let g(b) = b**2 + 6*b - 2. Let o be (-6 - -7) + (-5 - -1). Give g(o).
-11
Let n(z) be the first derivative of -z**5/60 + z**4/6 - z**3/6 - z**2/2 + 3. Let l(i) be the second derivative of n(i). Suppose -1 - 15 = -4*w. What is l(w)?
-1
Suppose 0 = 3*i + 5*u - 12, -3*u + 0 = -2*i + 8. Suppose 0*y = -2*y. Let w(q) = -3 - 2*q + 3*q + y*q - 2. Give w(i).
-1
Suppose -5*s + 124 = 4. Suppose 5*z - 2*h - s = 0, 7*h - 6 = -3*z + 4*h. Let i(d) = d**3 - 6*d**2 + 7*d - 4. Calculate i(z).
-8
Let d(w) be the third derivative of 0*w - 1/360*w**6 - 1/60*w**5 - 1/8*w**4 + 0*w**3 + 0 + 4*w**2. Let j(n) be the second derivative of d(n). What is j(2)?
-6
Let f(h) be the third derivative of 0 + 0*h + 2*h**2 - 1/60*h**5 + 1/2*h**3 - 5/24*h**4. Suppose j = 4*j + 18. What is f(j)?
-3
Let z(w) = 10 + w**2 + 3*w - 4 - 2*w**2 - 5. Determine z(4).
-3
Let r(k) = k - 2. Let c(v) = -v**3 + 2*v**2 + 2*v - 2. Let f be c(2). Suppose 3*z = -h - 0*z - 1, 7 = h - 5*z. Let s = f + h. Give r(s).
2
Let h(m) = 7*m**2 - 2*m - 4. Let w(r) = -r**2 + r + 1. Let f(o) = h(o) + 5*w(o). Determine f(-2).
3
Let t(q) = 2*q - 10. Let h be t(6). Suppose -h*m - 12 = -2*d, -2*m - 14 = -3*d - d. Let a(l) = l**3 + 4*l**2 - 8*l - 3. Determine a(m).
12
Let o(z) = z**2 + z - 2. Suppose 16 = -4*b, -2*j + 3*b + 15 = -3*j. Let s be o(j). Let y(a) = a**2 - 5*a. Calculate y(s).
-4
Suppose u = -0*u. Let t = 1 + u. Let h(s) be the first derivative of -5*s**4/4 - s**3/3 + s**2/2 + 20. Determine h(t).
-5
Let r(t) = -2*t**2 + 7*t - 4. Let l be 1/((2/(-9))/2). Let y = -6 - l. Let w = 1 + y. Give r(w).
-8
Let g(n) = -19 - 2*n + 8 + 6. Determine g(4).
-13
Suppose 3*l + 4*q = -2, -2*l + 3*q - 2*q - 16 = 0. Let x(o) = -7*o**2 - 17*o + 5. Let n(u) = -4